f 48 - ((0 - -3) + (2 - (22 - -13 - 22)))?
56
Evaluate -71 + (14 - 8) + -13 + -7.
-85
Calculate -10 + 0 + 6 + (12 - 8) + 6 + -3.
3
Evaluate 167 + -159 + (-21 - 3) + 12 - -130.
126
Calculate -180 + 446 + -257 + (-17 - 0).
-8
Evaluate (19 - 61) + 55 - 35.
-22
Evaluate 0 + -3 + 24 + -8 + (-11253 - -11282).
42
What is the value of (-51 - (17 + (-20 - 25))) + -69?
-92
Evaluate -37 - (21 + (-18 - (12 + -30)) - 29).
-29
What is -2 + 7 + 13 + -5 + 0 + 3 + -85?
-69
Calculate (74 - 137) + 53 + (1 - (0 + -10)).
1
What is (7 - ((27 - 10) + -9)) + 4 + 1?
4
What is the value of (-8 + -11 + 20 - 88 - 23) + -20?
-130
22517 + -22762 + 110 + 0
-135
What is (-2 - (4 + 12)) + 6 - -43?
31
What is the value of (-5 - -42 - (-34 - -94)) + -39?
-62
-7 + (-100 - (7 + 13)) - 4
-131
What is the value of 44 - 2 - (-232 - -181 - -84)?
9
Evaluate -18 - ((-72 - -20) + -9 + 2).
41
Calculate (-27 - ((29 - 50) + -20)) + -60 + -2.
-48
-79 + 1 + (-2 - 1 - -6) + 1
-74
12 - -1 - (-28 - (14 - -4 - 37))
22
(51 + 13 - 31) + -20
13
-58 + 124 + -18 + -27
21
Evaluate -96 + -80 + 85 + 60.
-31
-17 + 110 + -17 + -53
23
What is (11 - 22 - -35) + -6 + 13?
31
-13 + -29 + (1 - 1) + -2 + (128 - 127)
-43
Evaluate 313 - 203 - ((4 - 2) + -8 - (-3 - -2)).
115
6 + (-19 + 17 - 4) + -24
-24
What is -12 - ((-14 - (-5 + 22)) + 49)?
-30
What is -16 - ((0 - -9) + -9 + -4 - -1 - -10)?
-23
What is the value of 0 + 17 - 11 - (1 - -24)?
-19
What is the value of -4 + -6 + (1 - -5) + (36 - (1 + -18))?
49
Evaluate (-85 - (-77 + 72)) + 35.
-45
Calculate 271 - 212 - (-1 + 18).
42
Calculate (3 + -3 - -12) + -42 + 105 + -36.
39
-62 - ((93 - 149) + -45)
39
-11 + -8 + -8 + -66 + 23
-70
What is the value of -18 + -22 + (-91 - (-23 - -19) - 3)?
-130
Calculate (-9 - -2) + -9 + 3 - (1 + -91 + 31).
46
Calculate -7 + 13 + -2 + -59 + 7 + -2 + -4.
-54
Evaluate 31 + (-36 - (-13 + -26)) + 57.
91
Calculate -5 - ((-1 - -1 - -20) + (-113 - -116)).
-28
-19 - ((23 - 73) + (22 - 15) + -20)
44
Evaluate (13 - 32 - -18 - 9) + 7.
-3
What is -79 + 0 + -1 + 4 + 1068 + -1088?
-96
Evaluate 96 + -62 + -114 + 97.
17
Calculate 101 + -174 - ((1 - -5) + -45 + 43).
-77
Evaluate -44 - (106 - 141) - (0 + 10).
-19
Evaluate 11 - ((2 - (0 + 5)) + -16 + 25 + 124).
-119
2 + -20 + 6 - ((-19 - -34) + 1 + -3)
-25
Evaluate (34 - -1) + 7 + -17 - -3.
28
Calculate -4 + 4 - -11 - (1 - (-37 - -5)).
-22
-1 + 14 + (-45 + 93 + -36 - (3 + 6))
16
Calculate 3 + 41 - (23 - -14).
7
What is (1 - 3 - (-6 + 50)) + 0 + -15?
-61
Calculate -3 + (-6 - 0 - (14 - 31 - -24)).
-16
What is the value of (-68 - 3) + (-1121 - -1112)?
-80
What is the value of -61 + 10 + -39 + 48?
-42
What is 93 + -90 + 2 + 80 + -3 + 19 + -26?
75
What is -71 + 66 + (0 - 5) + 5 - (-103 - -1)?
97
51 - (-992 + 1002 + (-13 - 0))
54
What is the value of 31 - (-20 + 3 + 23 + -22)?
47
Evaluate -4 + 4 + 9 + (-18 - 8) - -87.
70
-106 + 114 + -14 + -2 + 9 + 53 + -5
49
15 + -26 - -73 - (1 - (-4 + 0))
57
What is the value of (-271 - -278 - (-2 - -15)) + (2 - 6)?
-10
Calculate -6 + (7 - (13 - (-18 - (-11 - -23)))).
-42
What is the value of 31 - (3 + (-4 - (-1 - (1 + -3 + 1))))?
32
Evaluate -34 + (7 - (17 + 4) - (3 - 8)).
-43
(-28 - (-6 + -1 + -23)) + -2
0
5 + 21 + -41 + 15 + (-8 - 0)
-8
-35 + (-8 + (1 - 5) + -5 - -9)
-43
What is the value of 8 + (-2 - 4) + -20 - (82 - 148)?
48
What is (-104 - (-194 - -29)) + -24?
37
What is the value of -13 - (16 - 1 - (-858 + 860))?
-26
Calculate 22 - (17 + 46 - -5).
-46
-6 + 1 + -1 + -12 + -2 + 20 + -15
-15
(10 - 2 - 16) + (62 - 39 - (-1 - 7))
23
What is -30 + -24 + 36 + 8 + -34?
-44
What is the value of -3372 + 3380 + (0 - (-2 - (56 + -1)))?
65
Evaluate (-107 - -102) + -34 - (-89 - 3).
53
What is (17 - 55) + 47 + -39 + 96?
66
What is -16 + 8 + -23 + 13 - -25?
7
What is 9 - (-47 + (-9 + -9 - -28))?
46
46 - 1 - (14302 - 14150)
-107
What is (-70 - (50 - 124)) + 77?
81
16 + -32 + 21 + 2 + (-49 - 2)
-44
Evaluate -1 + 2 - (-15 + 1 + (194 - 172)).
-7
What is 8 + -11 + (24 - (15 - (32 - (2 + 9))))?
27
Evaluate 41 - 104 - (-137 + -20).
94
Calculate 13 - ((-4 - (-6 + 5 - 7)) + (-25 - -18)).
16
Calculate 13 + 4 + -2 - (1018 + -1027).
24
What is the value of -24 + 44 + (-10 - 22) + 28 + 1?
17
What is 61 - 71 - (-61 + (10 - -1))?
40
4202 + -4213 + -44 + 1
-54
Calculate ((4 - -1) + 10 - 21) + -18.
-24
What is (29 - -2) + (-98 + -72 - -50)?
-89
What is the value of -4 + -1 + 10 + -5 + -1 + (-13 - -28)?
14
0 - -11 - (2473 - 2431)
-31
Calculate -2 + 11 + 10 + 10 + 2 + -12 + -44.
-25
Evaluate (2 - ((2 - 2) + -63)) + -177 + 130 + 39.
57
What is (73 - (-123 - -145)) + (0 - 22) + -3?
26
What is the value of (-49 - -64 - 53) + -12?
-50
Evaluate (3 - (18 - 28 - -23)) + (54 - 4).
40
What is the value of -34 + -1 + 43 + (89 - 145)?
-48
(4 - 1 - (1 + 27)) + (-300 - -290)
-35
Calculate 117 + (69 - (-76 - -204)).
58
What is the value of -114 + (-5 - (17 + 21 + -60))?
-97
Evaluate -154 + -163 + 342 - (0 + -24).
49
Evaluate -12 + -26 + 21 + 25 - 13.
-5
Calculate -6 + (-10 - -5) - ((0 - 16) + -83).
88
What is 0 + 0 - (-24 - 3) - (93 - 134 - -46)?
22
Calculate 22 + (-34 - (-2 - 16)) + -31.
-25
What is -17 - 13 - 72 - -38?
-64
What is 6 + -6 + 101 + (-17 - (-19 + 21))?
82
What is the value of 0 - (-4 - -4 - (-1 - 1)) - (28239 + -28294)?
53
Evaluate ((103 - (-3 + -3)) + -6 - 6) + 14 + -4.
107
What is (2 - -15) + (78 - (152 + -59))?
2
What is 171 + (55 - 133) - ((1 - 6) + 19)?
79
-46 - ((-84 - -88) + -13 + (1 - -1) + -3)
-36
Calculate (-9 + 4 - 4) + -104 + 120.
7
-3 + 48 + 233 + -207 - 4
67
Calculate (-3 + 1 - -6) + -5 + -6 + 18 + -51.
-40
Calculate -69 + 15 + 10 + 10 + -1 + -9 + 10.
-34
(2 - 0 - (2 - 0) - -1) + 952 + -913
40
Calculate -99 - (13 - (15 - -39)).
-58
(-6 - (4 - (-29 - -44))) + 7
12
Calculate (8 - -14 - 41 - (-4 - 19)) + 96.
100
Evaluate -47 - -2 - (-4882 - -4920).
-83
What is 7 - ((8 - 81) + 70 - (-11 - -1))?
0
Evaluate -7 + (-31 - -30) + 15 + 7.
14
Calculate -4 + 20 - (28 - (13 + -25)).
-24
Calculate 30 + (-56 - 104) - -66.
-64
What is the value of -39 + (-38 - (-14 - -16)) - (2 + 16)?
-97
What is 32 + (-31 - (-9 - 125)) + -26?
109
What is the value of 165 - (97 + -101) - 116?
53
What is the value of (-29 - (2 - (0 + -20))) + 19?
-32
What is the value of 41 + (8 - (31 - (-25 - -52)))?
45
Evaluate (13 + 17 - 25) + 13 + 66.
84
(-7 - 1) + (11 - (21 + 1)) + 17 + -4
-6
Calculate 6 + 0 + (-14 + -18 - (-135 + 116)).
-7
Evaluate -1 + 7 - (7 - ((629 - 600) + -1 + -14)).
13
Calculate -45 + 23 + (-69 + 35 - 51).
-107
What is 109 + -140 + (57 - -13)?
39
Calculate 5 + (125 - -13) + -19.
124
Calculate (14 - 8 - -10) + -64 + (-15 - -6 - -5).
-52
What is the value of (-2 - -4) + -4 - -33 - ((-112 - -172) + -66)?
37
(-80 - -7) + (69 - 33)
-37
What is 27 + -218 + 70 - -24?
-97
Calculate -909 - -950 - (43 - -3).
-5
What is 47 + (69 - 55) - -9?
70
What is the value of -22 - (1 - 2) - ((279 - 151) + -212)?
63
(-44 - -39) + 12 + (-3 - 132) + 10 + -3
-121
What is -79 + 0 + 2 - (-167 + (97 - -58))?
-65
Calculate -18 - (114 - 111 - (-1 - 9)).
-31
13 + -11 - ((7 - -5) + -9 - 27)
26
What is the value of -1 + -19 + -21 + (-5 - -23) + 12 - 51?
-62
-67 + (58 - 29) + 0
-38
Evaluate (11 - 65) + 80 - (1 - 30).
55
Evaluate 8 - 2 - (4 - (0 - (-1 - -2))).
1
Calculate -4 - (-5 - -6 - 17 - (-121 + -2)).
-111
What is (-14 - -1) + -13 + (-9 - -33) + 7 + 8?
13
Calculate -7 - -19 - (7 - (103 + -9)).
99
-35 + (19 - (19 + -26) - 3)
-12
What is (14 - 38 - -44) + -10 - -10?
20
Evaluate (1485 - 1404) + 1 + -27 + -2.
53
46 - (-12 - -64) - (1 + 3 + 28)
-38
Evaluate 78 + (11 - 34 - -52 - (6 - -13)).
88
What is the value of 9 + (22 - (19 + 2)) - 0?
10
Calculate 127 + -129 - (0 - (10 + -1)).
7
What is the value of 6 + (-28 + 14 + -11 - -9)?
-10
What is 2 + (2 - 4) + 14 - (5108 + -5108)?
14
Evaluate -10 + 20 + 12 + (-3 + 5 - -3).
27
What is -12 + (1 - 3) + 12 + 4 - (-12 - -31)?
-17
What is (60 - 6) + (46 - 115)?
-15
What is 9 - (-1 + 2) - (-70 + 70 + (-42 - -26))?
24
10 + (32 - 0 - (-828 + 863) - (4 - 2))
5
Evaluate -12 + -10 + (-9 - (1 + -7 + 6)) - 7.
-38
What is 19 + 17 + 69 - 79?
26
What is the value of (23 - -1) + (-3 - -16 - 19) + 8?
26
What is -72 + -7 - (5 - 32 - 0)?
-52
What is the value of -5 + (-68 + -37 - -179)?
69
(-13 - 0 - -43) + (6 - 88)
-52
What is -19 + -3 - (-7 - (-21 + -1 + 55))?
18
Evaluate 0 + -21 - -21 - (1 + -3 + 4).
-2
Calcul